{"id":2083,"date":"2019-09-02T07:23:46","date_gmt":"2019-09-02T07:23:46","guid":{"rendered":"https:\/\/crocusconsult.com\/?page_id=2083"},"modified":"2023-12-02T14:14:18","modified_gmt":"2023-12-02T14:14:18","slug":"services","status":"publish","type":"page","link":"https:\/\/crocusconsult.com\/?page_id=2083&lang=sk","title":{"rendered":"Slu\u017eby"},"content":{"rendered":"<h2>Z\u00edskajte kvalitn\u00e9 poradensk\u00e9 slu\u017eby pre svoju bud\u00facu re\u0161taur\u00e1ciu<\/h2>\n<ul>\n<li>\n<p>        <img decoding=\"async\" src=\"\/wp-content\/uploads\/2023\/11\/manager-3.png\" alt=\"\"><\/p>\n<h2>Riadenie projektu<\/h2>\n<div>\n<p>Na\u0161\u00edm hlavn\u00fdm cie\u013eom je otvori\u0165 re\u0161taur\u00e1cie na\u010das pri optim\u00e1lnych n\u00e1kladoch bez zn\u00ed\u017eenia kvality pr\u00e1c a materi\u00e1lov, preto pon\u00fakame: kompletn\u00e9 riadenie projektu od prv\u00e9ho n\u00e1vrhu a\u017e po \u00faspe\u0161n\u00e9 dokon\u010denie, Crocus Consult p\u00f4sob\u00ed ako hlavn\u00fd dod\u00e1vate\u013e s cie\u013eom optimalizova\u0165 n\u00e1klady na projekt, vypracovanie s\u00fa\u0165a\u017en\u00fdch podkladov (stavebn\u00fd projekt, n\u00e1vrh dispoz\u00edcie kuchyne a interi\u00e9ru) a po v\u00fdberovom konan\u00ed subdod\u00e1vate\u013eov na projekt pre \u010fal\u0161iu efekt\u00edvnu koordin\u00e1ciu pr\u00e1ce architekta\/projektov\u00e9ho t\u00edmu, riadenia prev\u00e1dzky, in\u017einierov a subdod\u00e1vate\u013eov, dodr\u017eiavanie term\u00ednov a rozpo\u010dtov, pr\u00edpravu t\u00fd\u017edenn\u00fdch spr\u00e1v o priebehu projektu pre klienta.<\/p>\n<\/div>\n<\/li>\n<li>\n<p>        <img decoding=\"async\" src=\"\/wp-content\/uploads\/2023\/11\/kitchen1.png\" alt=\"\"><\/p>\n<h2>Riadenie FF&#038;E a OS&#038;E<\/h2>\n<div>\n<p>Na z\u00e1klade n\u00e1vrhu re\u0161taur\u00e1cie a pl\u00e1nu kuchyne (vytv\u00e1rame ich spolu s architektmi) vyp\u00ed\u0161eme v\u00fdberov\u00e9 konanie na n\u00e1bytok, pr\u00edslu\u0161enstvo a vybavenie, predlo\u017e\u00edme klientovi v\u00fdsledok a anal\u00fdzu v\u00fdberov\u00e9ho konania a po jeho schv\u00e1len\u00ed zad\u00e1me objedn\u00e1vku v\u00ed\u0165azovi. Koordin\u00e1cia v\u0161etk\u00fdch f\u00e1z &#8211; od v\u00fdroby\/dod\u00e1vky a\u017e po in\u0161tal\u00e1ciu zariadenia a nakoniec spustenie kuchyne a odovzdanie do spr\u00e1vy prev\u00e1dzky. Podporujeme re\u0161taur\u00e1ciu formou bezplatn\u00fdch technick\u00fdch konzult\u00e1ci\u00ed po\u010das jedn\u00e9ho roka po otvoren\u00ed. Objedn\u00e1vanie OS&amp;E na ro\u010dnej b\u00e1ze na po\u017eiadanie, d\u00f4kladne presk\u00famame, ak\u00e9 n\u00e1hradn\u00e9 diely s\u00fa pre ka\u017ed\u00fa re\u0161taur\u00e1ciu skuto\u010dne potrebn\u00e9.<\/p>\n<\/div>\n<\/li>\n<li>\n<p>        <img decoding=\"async\" src=\"\/wp-content\/uploads\/2023\/11\/calculation.png\" alt=\"\"><\/p>\n<h2>Pl\u00e1novanie a rozpo\u010dtovanie<\/h2>\n<div>\n<p>Pre ka\u017ed\u00fd projekt po\u010d\u00edtame rozpo\u010det CAPEX a vytv\u00e1rame Ganttov diagram so v\u0161etk\u00fdmi akt\u00e9rmi zapojen\u00fdmi do projektu. S \u00fa\u010dtovn\u00edkom tie\u017e koordinujeme Harmonogram platieb pre v\u0161etky platby s\u00favisiace s projektom a predklad\u00e1me ho na kone\u010dn\u00e9 schv\u00e1lenie. Sledujeme ceny materi\u00e1lov a mzdov\u00e9 n\u00e1klady, pravidelne diskutujeme o n\u00e1kladoch so subdod\u00e1vate\u013emi a dod\u00e1vate\u013emi. Uvedomujeme si, \u017ee r\u00fdchla reakcia je rozhoduj\u00faca a term\u00edny projektu s\u00fa kr\u00e1tke, a vyu\u017e\u00edvame na\u0161e sk\u00fasenosti s riaden\u00edm projektov, aby sme zabezpe\u010dili, \u017ee v\u0161etky pr\u00e1ce bud\u00fa dokon\u010den\u00e9 na\u010das.<\/p>\n<\/div>\n<\/li>\n<\/ul>\n<hr>\n<h2>Kontaktujte n\u00e1s<\/h2>\n<div><a href=\"tel:+ 421 919 175 020\">+ 421 919 175 020<\/a><\/div>\n<div>Telef\u00f3n<\/div>\n<div><a href=\"mailto:info@miamart.eu\">info@crocusconsult.com<\/a><\/div>\n<div>Email<\/div>\n<p><!--more--><br \/>\n<!-- {\"name\":\"Portfolio\",\"type\":\"layout\",\"children\":[{\"name\":\"Hero\",\"type\":\"section\",\"props\":{\"animation\":\"fade\",\"animation_delay\":\"200\",\"image\":\"wp-content\\\/uploads\\\/2023\\\/11\\\/2-2.jpg\",\"image_position\":\"center-center\",\"image_size\":\"cover\",\"media_background\":\"rgba(255, 255, 255, 0)\",\"media_blend_mode\":\"multiply\",\"media_overlay\":\"rgba(255, 255, 255, 0)\",\"overlap\":false,\"padding\":\"xlarge\",\"padding_remove_bottom\":false,\"style\":\"default\",\"text_color\":\"light\",\"title_breakpoint\":\"xl\",\"title_position\":\"top-left\",\"title_rotation\":\"left\",\"vertical_align\":\"middle\",\"width\":\"small\"},\"children\":[{\"type\":\"row\",\"props\":{\"column_gap\":\"small\",\"layout\":\"large,expand\",\"row_gap\":\"small\"},\"children\":[{\"type\":\"column\",\"props\":{\"image_position\":\"center-center\",\"padding\":\"xsmall\",\"position_sticky_breakpoint\":\"m\",\"style\":\"tile-primary\",\"text_color\":\"light\",\"width_medium\":\"large\"},\"children\":[{\"type\":\"headline\",\"props\":{\"content\":\"Z\\u00edskajte kvalitn\\u00e9 poradensk\\u00e9 slu\\u017eby pre svoju bud\\u00facu re\\u0161taur\\u00e1ciu\",\"maxwidth\":\"large\",\"position_left\":\"-10\",\"text_align\":\"left\",\"text_align_breakpoint\":\"s\",\"text_align_fallback\":\"center\",\"title_element\":\"h2\"}},{\"type\":\"text\",\"props\":{\"column_breakpoint\":\"m\",\"content\":\"\",\"margin\":\"default\",\"maxwidth\":\"large\",\"text_align\":\"left\",\"text_align_breakpoint\":\"s\",\"text_align_fallback\":\"center\",\"text_style\":\"large\"}}]},{\"type\":\"column\",\"props\":{\"image_position\":\"center-center\",\"position_sticky_breakpoint\":\"m\",\"width_medium\":\"expand\"}}]}]},{\"name\":\"Services\",\"type\":\"section\",\"props\":{\"animation\":\"fade\",\"animation_delay\":false,\"image_position\":\"center-center\",\"padding\":\"large\",\"style\":\"default\",\"title_breakpoint\":\"xl\",\"title_position\":\"top-left\",\"title_rotation\":\"left\",\"vertical_align\":\"middle\",\"width\":\"large\"},\"children\":[{\"type\":\"row\",\"children\":[{\"type\":\"column\",\"props\":{\"image_position\":\"center-center\",\"position_sticky_breakpoint\":\"m\",\"width_medium\":\"1-1\"},\"children\":[{\"type\":\"grid\",\"props\":{\"content_column_breakpoint\":\"m\",\"filter_align\":\"left\",\"filter_all\":true,\"filter_grid_breakpoint\":\"m\",\"filter_grid_width\":\"auto\",\"filter_position\":\"top\",\"filter_style\":\"tab\",\"grid_column_gap\":\"large\",\"grid_default\":\"1\",\"grid_medium\":\"3\",\"grid_row_gap\":\"large\",\"grid_small\":\"2\",\"icon_width\":80,\"image_align\":\"top\",\"image_grid_breakpoint\":\"m\",\"image_grid_width\":\"1-2\",\"image_loading\":true,\"image_svg_animate\":true,\"image_svg_color\":\"primary\",\"image_svg_inline\":true,\"item_animation\":true,\"link_style\":\"text\",\"link_text\":\"Read more\",\"margin\":\"default\",\"meta_align\":\"below-title\",\"meta_element\":\"div\",\"meta_style\":\"text-meta\",\"parallax_easing\":\"1\",\"show_content\":true,\"show_image\":true,\"show_link\":true,\"show_meta\":true,\"show_title\":true,\"text_align\":\"left\",\"text_align_breakpoint\":\"s\",\"text_align_fallback\":\"center\",\"title_align\":\"top\",\"title_element\":\"h2\",\"title_grid_breakpoint\":\"m\",\"title_grid_width\":\"1-2\",\"title_hover_style\":\"reset\",\"title_style\":\"h3\"},\"children\":[{\"type\":\"grid_item\",\"props\":{\"content\":\"\n\n<p>Na\\u0161\\u00edm hlavn\\u00fdm cie\\u013eom je otvori\\u0165 re\\u0161taur\\u00e1cie na\\u010das pri optim\\u00e1lnych n\\u00e1kladoch bez zn\\u00ed\\u017eenia kvality pr\\u00e1c a materi\\u00e1lov, preto pon\\u00fakame: kompletn\\u00e9 riadenie projektu od prv\\u00e9ho n\\u00e1vrhu a\\u017e po \\u00faspe\\u0161n\\u00e9 dokon\\u010denie, Crocus Consult p\\u00f4sob\\u00ed ako hlavn\\u00fd dod\\u00e1vate\\u013e s cie\\u013eom optimalizova\\u0165 n\\u00e1klady na projekt, vypracovanie s\\u00fa\\u0165a\\u017en\\u00fdch podkladov (stavebn\\u00fd projekt, n\\u00e1vrh dispoz\\u00edcie kuchyne a interi\\u00e9ru) a po v\\u00fdberovom konan\\u00ed subdod\\u00e1vate\\u013eov na projekt pre \\u010fal\\u0161iu efekt\\u00edvnu koordin\\u00e1ciu pr\\u00e1ce architekta\\\/projektov\\u00e9ho t\\u00edmu, riadenia prev\\u00e1dzky, in\\u017einierov a subdod\\u00e1vate\\u013eov, dodr\\u017eiavanie term\\u00ednov a rozpo\\u010dtov, pr\\u00edpravu t\\u00fd\\u017edenn\\u00fdch spr\\u00e1v o priebehu projektu pre klienta.<\\\/p>\",\"icon\":\"\",\"image\":\"wp-content\\\/uploads\\\/2023\\\/11\\\/manager-3.png\",\"title\":\"Riadenie projektu\"}},{\"type\":\"grid_item\",\"props\":{\"content\":\"\n\n<p>Na z\\u00e1klade n\\u00e1vrhu re\\u0161taur\\u00e1cie a pl\\u00e1nu kuchyne (vytv\\u00e1rame ich spolu s architektmi) vyp\\u00ed\\u0161eme v\\u00fdberov\\u00e9 konanie na n\\u00e1bytok, pr\\u00edslu\\u0161enstvo a vybavenie, predlo\\u017e\\u00edme klientovi v\\u00fdsledok a anal\\u00fdzu v\\u00fdberov\\u00e9ho konania a po jeho schv\\u00e1len\\u00ed zad\\u00e1me objedn\\u00e1vku v\\u00ed\\u0165azovi. Koordin\\u00e1cia v\\u0161etk\\u00fdch f\\u00e1z - od v\\u00fdroby\\\/dod\\u00e1vky a\\u017e po in\\u0161tal\\u00e1ciu zariadenia a nakoniec spustenie kuchyne a odovzdanie do spr\\u00e1vy prev\\u00e1dzky. Podporujeme re\\u0161taur\\u00e1ciu formou bezplatn\\u00fdch technick\\u00fdch konzult\\u00e1ci\\u00ed po\\u010das jedn\\u00e9ho roka po otvoren\\u00ed. Objedn\\u00e1vanie OS&amp;E na ro\\u010dnej b\\u00e1ze na po\\u017eiadanie, d\\u00f4kladne presk\\u00famame, ak\\u00e9 n\\u00e1hradn\\u00e9 diely s\\u00fa pre ka\\u017ed\\u00fa re\\u0161taur\\u00e1ciu skuto\\u010dne potrebn\\u00e9.<\\\/p>\",\"icon\":\"\",\"image\":\"wp-content\\\/uploads\\\/2023\\\/11\\\/kitchen1.png\",\"title\":\"Riadenie FF&E a OS&E\"}},{\"type\":\"grid_item\",\"props\":{\"content\":\"\n\n<p>Pre ka\\u017ed\\u00fd projekt po\\u010d\\u00edtame rozpo\\u010det CAPEX a vytv\\u00e1rame Ganttov diagram so v\\u0161etk\\u00fdmi akt\\u00e9rmi zapojen\\u00fdmi do projektu. S \\u00fa\\u010dtovn\\u00edkom tie\\u017e koordinujeme Harmonogram platieb pre v\\u0161etky platby s\\u00favisiace s projektom a predklad\\u00e1me ho na kone\\u010dn\\u00e9 schv\\u00e1lenie. Sledujeme ceny materi\\u00e1lov a mzdov\\u00e9 n\\u00e1klady, pravidelne diskutujeme o n\\u00e1kladoch so subdod\\u00e1vate\\u013emi a dod\\u00e1vate\\u013emi. Uvedomujeme si, \\u017ee r\\u00fdchla reakcia je rozhoduj\\u00faca a term\\u00edny projektu s\\u00fa kr\\u00e1tke, a vyu\\u017e\\u00edvame na\\u0161e sk\\u00fasenosti s riaden\\u00edm projektov, aby sme zabezpe\\u010dili, \\u017ee v\\u0161etky pr\\u00e1ce bud\\u00fa dokon\\u010den\\u00e9 na\\u010das.<\\\/p>\",\"icon\":\"\",\"image\":\"wp-content\\\/uploads\\\/2023\\\/11\\\/calculation.png\",\"title\":\"Pl\\u00e1novanie a rozpo\\u010dtovanie\"}}]}]}]}]},{\"name\":\"Contact\",\"type\":\"section\",\"props\":{\"image_position\":\"center-center\",\"padding_remove_top\":false,\"style\":\"default\",\"title_breakpoint\":\"xl\",\"title_position\":\"top-left\",\"title_rotation\":\"left\",\"vertical_align\":\"middle\",\"width\":\"small\"},\"children\":[{\"type\":\"row\",\"props\":{\"margin\":\"large\"},\"children\":[{\"type\":\"column\",\"props\":{\"image_position\":\"center-center\",\"position_sticky_breakpoint\":\"m\",\"width_medium\":\"1-1\"},\"children\":[{\"type\":\"divider\",\"props\":{\"divider_element\":\"hr\"}}]}]},{\"type\":\"row\",\"props\":{\"layout\":\"1-3,1-3,1-3\",\"margin\":\"large\",\"width\":\"default\"},\"children\":[{\"type\":\"column\",\"props\":{\"image_position\":\"center-center\",\"position_sticky_breakpoint\":\"m\",\"width_small\":\"1-3\"},\"children\":[{\"type\":\"headline\",\"props\":{\"content\":\"Kontaktujte n\\u00e1s\",\"margin\":\"medium\",\"text_align\":\"left\",\"title_decoration\":\"bullet\",\"title_element\":\"h2\",\"title_style\":\"h5\"}}]},{\"type\":\"column\",\"props\":{\"image_position\":\"center-center\",\"position_sticky_breakpoint\":\"m\",\"width_small\":\"1-3\"},\"children\":[{\"type\":\"headline\",\"props\":{\"content\":\"+ 421 919 175 020\",\"link\":\"tel:+ 421 919 175 020\",\"margin\":\"small\",\"title_element\":\"div\",\"title_style\":\"h6\"}},{\"type\":\"text\",\"props\":{\"column_breakpoint\":\"m\",\"content\":\"Telef\\u00f3n\",\"margin\":\"remove-vertical\",\"text_style\":\"meta\"}}]},{\"type\":\"column\",\"props\":{\"image_position\":\"center-center\",\"position_sticky_breakpoint\":\"m\",\"width_small\":\"1-3\"},\"children\":[{\"type\":\"headline\",\"props\":{\"content\":\"info@crocusconsult.com\",\"link\":\"mailto:info@miamart.eu\",\"margin\":\"small\",\"title_element\":\"div\",\"title_style\":\"h6\"}},{\"type\":\"text\",\"props\":{\"column_breakpoint\":\"m\",\"content\":\"Email\",\"margin\":\"remove-vertical\",\"text_style\":\"meta\"}}]}]}]}],\"version\":\"4.2.0\"} --><\/p>\n","protected":false},"excerpt":{"rendered":"<p>Z\u00edskajte kvalitn\u00e9 poradensk\u00e9 slu\u017eby pre svoju bud\u00facu re\u0161taur\u00e1ciu Riadenie projektu Na\u0161\u00edm hlavn\u00fdm cie\u013eom je otvori\u0165 re\u0161taur\u00e1cie na\u010das pri optim\u00e1lnych n\u00e1kladoch bez zn\u00ed\u017eenia kvality pr\u00e1c a materi\u00e1lov, preto pon\u00fakame: kompletn\u00e9 riadenie projektu od prv\u00e9ho n\u00e1vrhu a\u017e po \u00faspe\u0161n\u00e9 dokon\u010denie, Crocus Consult p\u00f4sob\u00ed ako hlavn\u00fd dod\u00e1vate\u013e s cie\u013eom optimalizova\u0165 n\u00e1klady na projekt, vypracovanie s\u00fa\u0165a\u017en\u00fdch podkladov (stavebn\u00fd projekt, [&hellip;]<\/p>\n","protected":false},"author":1,"featured_media":0,"parent":0,"menu_order":9,"comment_status":"open","ping_status":"open","template":"","meta":{"footnotes":""},"class_list":["post-2083","page","type-page","status-publish","hentry"],"acf":[],"yoast_head":"<!-- This site is optimized with the Yoast SEO plugin v21.7 - https:\/\/yoast.com\/wordpress\/plugins\/seo\/ -->\n<title>Slu\u017eby - Crocus Consult<\/title>\n<meta name=\"robots\" content=\"index, follow, max-snippet:-1, max-image-preview:large, max-video-preview:-1\" \/>\n<link rel=\"canonical\" href=\"https:\/\/crocusconsult.com\/?page_id=2083&lang=sk\" \/>\n<meta property=\"og:locale\" content=\"en_US\" \/>\n<meta property=\"og:type\" content=\"article\" \/>\n<meta property=\"og:title\" content=\"Slu\u017eby - Crocus Consult\" \/>\n<meta property=\"og:description\" content=\"Z\u00edskajte kvalitn\u00e9 poradensk\u00e9 slu\u017eby pre svoju bud\u00facu re\u0161taur\u00e1ciu Riadenie projektu Na\u0161\u00edm hlavn\u00fdm cie\u013eom je otvori\u0165 re\u0161taur\u00e1cie na\u010das pri optim\u00e1lnych n\u00e1kladoch bez zn\u00ed\u017eenia kvality pr\u00e1c a materi\u00e1lov, preto pon\u00fakame: kompletn\u00e9 riadenie projektu od prv\u00e9ho n\u00e1vrhu a\u017e po \u00faspe\u0161n\u00e9 dokon\u010denie, Crocus Consult p\u00f4sob\u00ed ako hlavn\u00fd dod\u00e1vate\u013e s cie\u013eom optimalizova\u0165 n\u00e1klady na projekt, vypracovanie s\u00fa\u0165a\u017en\u00fdch podkladov (stavebn\u00fd projekt, [&hellip;]\" \/>\n<meta property=\"og:url\" content=\"https:\/\/crocusconsult.com\/?page_id=2083&amp;lang=sk\" \/>\n<meta property=\"og:site_name\" content=\"Crocus Consult\" \/>\n<meta property=\"article:modified_time\" content=\"2023-12-02T14:14:18+00:00\" \/>\n<meta name=\"twitter:card\" content=\"summary_large_image\" \/>\n<meta name=\"twitter:label1\" content=\"Est. reading time\" \/>\n\t<meta name=\"twitter:data1\" content=\"2 minutes\" \/>\n<script type=\"application\/ld+json\" class=\"yoast-schema-graph\">{\"@context\":\"https:\/\/schema.org\",\"@graph\":[{\"@type\":\"WebPage\",\"@id\":\"https:\/\/crocusconsult.com\/?page_id=2083&lang=sk\",\"url\":\"https:\/\/crocusconsult.com\/?page_id=2083&lang=sk\",\"name\":\"Slu\u017eby - Crocus Consult\",\"isPartOf\":{\"@id\":\"https:\/\/crocusconsult.com\/#website\"},\"datePublished\":\"2019-09-02T07:23:46+00:00\",\"dateModified\":\"2023-12-02T14:14:18+00:00\",\"breadcrumb\":{\"@id\":\"https:\/\/crocusconsult.com\/?page_id=2083&lang=sk#breadcrumb\"},\"inLanguage\":\"en-US\",\"potentialAction\":[{\"@type\":\"ReadAction\",\"target\":[\"https:\/\/crocusconsult.com\/?page_id=2083&lang=sk\"]}]},{\"@type\":\"BreadcrumbList\",\"@id\":\"https:\/\/crocusconsult.com\/?page_id=2083&lang=sk#breadcrumb\",\"itemListElement\":[{\"@type\":\"ListItem\",\"position\":1,\"name\":\"Home\",\"item\":\"https:\/\/crocusconsult.com\/\"},{\"@type\":\"ListItem\",\"position\":2,\"name\":\"Slu\u017eby\"}]},{\"@type\":\"WebSite\",\"@id\":\"https:\/\/crocusconsult.com\/#website\",\"url\":\"https:\/\/crocusconsult.com\/\",\"name\":\"Crocus Consult\",\"description\":\"\",\"publisher\":{\"@id\":\"https:\/\/crocusconsult.com\/#organization\"},\"potentialAction\":[{\"@type\":\"SearchAction\",\"target\":{\"@type\":\"EntryPoint\",\"urlTemplate\":\"https:\/\/crocusconsult.com\/?s={search_term_string}\"},\"query-input\":\"required name=search_term_string\"}],\"inLanguage\":\"en-US\"},{\"@type\":\"Organization\",\"@id\":\"https:\/\/crocusconsult.com\/#organization\",\"name\":\"Crocus Consult\",\"url\":\"https:\/\/crocusconsult.com\/\",\"logo\":{\"@type\":\"ImageObject\",\"inLanguage\":\"en-US\",\"@id\":\"https:\/\/crocusconsult.com\/#\/schema\/logo\/image\/\",\"url\":\"https:\/\/crocusconsult.com\/wp-content\/uploads\/2023\/11\/LOGO-BEST-1.png\",\"contentUrl\":\"https:\/\/crocusconsult.com\/wp-content\/uploads\/2023\/11\/LOGO-BEST-1.png\",\"width\":400,\"height\":160,\"caption\":\"Crocus Consult\"},\"image\":{\"@id\":\"https:\/\/crocusconsult.com\/#\/schema\/logo\/image\/\"}}]}<\/script>\n<!-- \/ Yoast SEO plugin. -->","yoast_head_json":{"title":"Slu\u017eby - Crocus Consult","robots":{"index":"index","follow":"follow","max-snippet":"max-snippet:-1","max-image-preview":"max-image-preview:large","max-video-preview":"max-video-preview:-1"},"canonical":"https:\/\/crocusconsult.com\/?page_id=2083&lang=sk","og_locale":"en_US","og_type":"article","og_title":"Slu\u017eby - Crocus Consult","og_description":"Z\u00edskajte kvalitn\u00e9 poradensk\u00e9 slu\u017eby pre svoju bud\u00facu re\u0161taur\u00e1ciu Riadenie projektu Na\u0161\u00edm hlavn\u00fdm cie\u013eom je otvori\u0165 re\u0161taur\u00e1cie na\u010das pri optim\u00e1lnych n\u00e1kladoch bez zn\u00ed\u017eenia kvality pr\u00e1c a materi\u00e1lov, preto pon\u00fakame: kompletn\u00e9 riadenie projektu od prv\u00e9ho n\u00e1vrhu a\u017e po \u00faspe\u0161n\u00e9 dokon\u010denie, Crocus Consult p\u00f4sob\u00ed ako hlavn\u00fd dod\u00e1vate\u013e s cie\u013eom optimalizova\u0165 n\u00e1klady na projekt, vypracovanie s\u00fa\u0165a\u017en\u00fdch podkladov (stavebn\u00fd projekt, [&hellip;]","og_url":"https:\/\/crocusconsult.com\/?page_id=2083&lang=sk","og_site_name":"Crocus Consult","article_modified_time":"2023-12-02T14:14:18+00:00","twitter_card":"summary_large_image","twitter_misc":{"Est. reading time":"2 minutes"},"schema":{"@context":"https:\/\/schema.org","@graph":[{"@type":"WebPage","@id":"https:\/\/crocusconsult.com\/?page_id=2083&lang=sk","url":"https:\/\/crocusconsult.com\/?page_id=2083&lang=sk","name":"Slu\u017eby - Crocus Consult","isPartOf":{"@id":"https:\/\/crocusconsult.com\/#website"},"datePublished":"2019-09-02T07:23:46+00:00","dateModified":"2023-12-02T14:14:18+00:00","breadcrumb":{"@id":"https:\/\/crocusconsult.com\/?page_id=2083&lang=sk#breadcrumb"},"inLanguage":"en-US","potentialAction":[{"@type":"ReadAction","target":["https:\/\/crocusconsult.com\/?page_id=2083&lang=sk"]}]},{"@type":"BreadcrumbList","@id":"https:\/\/crocusconsult.com\/?page_id=2083&lang=sk#breadcrumb","itemListElement":[{"@type":"ListItem","position":1,"name":"Home","item":"https:\/\/crocusconsult.com\/"},{"@type":"ListItem","position":2,"name":"Slu\u017eby"}]},{"@type":"WebSite","@id":"https:\/\/crocusconsult.com\/#website","url":"https:\/\/crocusconsult.com\/","name":"Crocus Consult","description":"","publisher":{"@id":"https:\/\/crocusconsult.com\/#organization"},"potentialAction":[{"@type":"SearchAction","target":{"@type":"EntryPoint","urlTemplate":"https:\/\/crocusconsult.com\/?s={search_term_string}"},"query-input":"required name=search_term_string"}],"inLanguage":"en-US"},{"@type":"Organization","@id":"https:\/\/crocusconsult.com\/#organization","name":"Crocus Consult","url":"https:\/\/crocusconsult.com\/","logo":{"@type":"ImageObject","inLanguage":"en-US","@id":"https:\/\/crocusconsult.com\/#\/schema\/logo\/image\/","url":"https:\/\/crocusconsult.com\/wp-content\/uploads\/2023\/11\/LOGO-BEST-1.png","contentUrl":"https:\/\/crocusconsult.com\/wp-content\/uploads\/2023\/11\/LOGO-BEST-1.png","width":400,"height":160,"caption":"Crocus Consult"},"image":{"@id":"https:\/\/crocusconsult.com\/#\/schema\/logo\/image\/"}}]}},"_links":{"self":[{"href":"https:\/\/crocusconsult.com\/index.php?rest_route=\/wp\/v2\/pages\/2083","targetHints":{"allow":["GET"]}}],"collection":[{"href":"https:\/\/crocusconsult.com\/index.php?rest_route=\/wp\/v2\/pages"}],"about":[{"href":"https:\/\/crocusconsult.com\/index.php?rest_route=\/wp\/v2\/types\/page"}],"author":[{"embeddable":true,"href":"https:\/\/crocusconsult.com\/index.php?rest_route=\/wp\/v2\/users\/1"}],"replies":[{"embeddable":true,"href":"https:\/\/crocusconsult.com\/index.php?rest_route=%2Fwp%2Fv2%2Fcomments&post=2083"}],"version-history":[{"count":16,"href":"https:\/\/crocusconsult.com\/index.php?rest_route=\/wp\/v2\/pages\/2083\/revisions"}],"predecessor-version":[{"id":2172,"href":"https:\/\/crocusconsult.com\/index.php?rest_route=\/wp\/v2\/pages\/2083\/revisions\/2172"}],"wp:attachment":[{"href":"https:\/\/crocusconsult.com\/index.php?rest_route=%2Fwp%2Fv2%2Fmedia&parent=2083"}],"curies":[{"name":"wp","href":"https:\/\/api.w.org\/{rel}","templated":true}]}}